1
What is 7265553 (base 9) in base 6?
215110333
Convert 2113655 (base 8) to base 13.
169409
-100011101101011011110 (base 2) to base 15
-181a97
What is cd4e55 (base 15) in base 3?
200102020201122
Convert -1001011101011001011 (base 2) to base 7.
-2430453
Convert -116900 (base 10) to base 14.
-30860
What is -385528 (base 9) in base 4?
-321003233
122314102 (base 6) to base 16
23fc36
-1045185 (base 10) to base 11
-654299
What is 22400214 (base 5) in base 8?
606573
22022002 (base 3) to base 12
3602
What is -5153203 (base 6) in base 12?
-bb803
What is 281245 (base 9) in base 2?
101001110111111110
Convert -1251524 (base 6) to base 2.
-10000110111101100
316520 (base 7) to base 13
1c136
What is -2045015 (base 7) in base 8?
-741545
What is 89725 (base 16) in base 15?
b1c21
What is -433352523 (base 6) in base 12?
-2708743
6dfa (base 16) to base 9
42552
What is 1825c0 (base 13) in base 9?
1122127
What is 2140232231 (base 5) in base 3?
22200121110020
10010101110001001 (base 2) to base 16
12b89
-1211011001 (base 3) to base 4
-20233312
What is 11001101110101000 (base 2) in base 5?
11333014
Convert -639882 (base 10) to base 13.
-195339
What is 2101212201100 (base 3) in base 14?
253545
2001133100 (base 4) to base 2
10000001011111010000
12225424 (base 6) to base 3
201221120221
222013204 (base 5) to base 2
11101100110001001100
-27d3b (base 16) to base 11
-101621
What is 3256b (base 13) in base 4?
112032003
-34032021 (base 5) to base 12
-125057
23304242 (base 7) to base 5
1011130304
3279e (base 16) to base 11
131375
What is -100202020101 (base 3) in base 2?
-101110110110011011
What is -20553 (base 8) in base 2?
-10000101101011
What is 24043214 (base 5) in base 16?
361f4
What is 31301313 (base 4) in base 3?
2212102100
-11511403 (base 9) to base 6
-320221520
Convert 109811 (base 12) to base 5.
31444144
-213035335 (base 6) to base 15
-4eb3c5
What is 3323357 (base 9) in base 12?
72222a
-3616717 (base 8) to base 6
-33122235
2006162 (base 8) to base 2
10000000110001110010
Convert 16a563 (base 11) to base 4.
1000023201
What is 11262455 (base 7) in base 15?
14858e
Convert -2108783 (base 9) to base 7.
-12406545
324141 (base 9) to base 14
50635
Convert -566525 (base 7) to base 5.
-11211023
What is a3321 (base 16) in base 14?
135865
What is -1c7a6a (base 16) in base 9?
-3454127
Convert -121021102 (base 4) to base 5.
-11243434
2112441 (base 7) to base 13
8c346
723876 (base 11) to base 15
17e308
518b1 (base 14) to base 2
101111111111000011
111303130231 (base 4) to base 3
101202101112201
What is -159041 (base 10) in base 4?
-212311001
-151373 (base 9) to base 2
-10110101011011100
Convert -13446515 (base 7) to base 15.
-19c092
What is 13029b (base 12) in base 6?
10401515
What is 1656284 (base 9) in base 2?
11100001011000010000
Convert 3155765 (base 8) to base 7.
10106654
-2469479 (base 14) to base 9
-35771417
What is -4c340 (base 15) in base 8?
-734027
Convert 4104114010 (base 5) to base 12.
2929988
11312554 (base 6) to base 7
2663560
-2132200 (base 5) to base 14
-d46a
Convert -4155244 (base 6) to base 14.
-538cc
What is 111201310 (base 4) in base 9?
143857
2a358 (base 14) to base 7
614641
What is -996229 (base 11) in base 3?
-2222202100220
What is -232111223 (base 4) in base 16?
-2e56b
-813870 (base 11) to base 10
-1308087
What is 28c747 (base 14) in base 3?
2200000020001
Convert 8b049a (base 13) to base 7.
36632121
bab8cc (base 13) to base 12
157b854
46c144 (base 13) to base 3
10011111211001
-500200025 (base 6) to base 9
-16743318
Convert 11ce61 (base 15) to base 8.
3203355
Convert -69c17 (base 16) to base 10.
-433175
What is 62ec12 (base 16) in base 14?
c0a84a
1e0e1d (base 16) to base 2
111100000111000011101
-28374056 (base 9) to base 16
-d64973
-10111000000111111000 (base 2) to base 5
-143113133
Convert -1e40a (base 16) to base 15.
-26aae
Convert 1221210002011 (base 3) to base 4.
3331220203
-1241090 (base 12) to base 10
-3568428
Convert 13030433 (base 5) to base 3.
20110012110
47cf3 (base 16) to base 11
190a92
-25762 (base 9) to base 14
-64a2
Convert 263043 (base 11) to base 8.
1450444
What is 1006861 (base 11) in base 6?
102055234
Convert 121401234 (base 5) to base 12.
238a4a
-90033 (base 15) to base 3
-212011001210
113534444 (base 6) to base 7
24134521
-244104122 (base 5) to base 4
-10123023220
What is 3026 (base 9) in base 7?
6306
What is -210220010210 (base 3) in base 6?
-13123033
Convert -32432230 (base 6) to base 9.
-1735640
What is -278d23 (base 16) in base 14?
-4b6895
Convert 5504 (base 6) to base 10.
1264
Convert e744 (base 15) to base 6.
1014201
-15767c (base 13) to base 6
-15212242
640220 (base 7) to base 4
122333132
Convert 22200101221020 (base 3) to base 7.
54134202
-479333 (base 14) to base 4
-21111003201
What is -512150 (base 8) in base 3?
-22120220122
Convert 34976 (base 14) to base 5.
13044332
Convert 12590 (base 12) to base 13.
b508
What is 15390b (base 12) in base 7?
3023441
What is 1111010110011001010011 (base 2) in base 8?
17263123
Convert 21232102 (base 5) to base 9.
304257
What is -3073570 (base 8) in base 15?
-11212b
Convert 43188 (base 13) to base 8.
354434
Convert -205655 (base 9) to base 7.
-1016333
1381c93 (base 14) to base 15
c6b9ab
Convert 11011001011110010001011 (base 2) to base 5.
3311014110
What is -11721 (base 14) in base 12?
-20769
What is -56574 (base 8) in base 6?
-302444
What is -101220120011 (base 3) in base 16?
-346cf
What is 1d5755 (base 16) in base 11?
10a3782
What is eb6d (base 15) in base 16?
c2a4
Convert -88877 (base 12) to base 7.
-1352365
51929 (base 14) to base 8
600021
Convert -37b825 (base 14) to base 16.
-1d3539
514633 (base 9) to base 15
60693
Convert 10110101001110000100 (base 2) to base 13.
1ccb22
32a822 (base 11) to base 13
1559a3
Convert -322c0 (base 13) to base 8.
-260713
54016 (base 9) to base 10
35736
1010605 (base 7) to base 14
31c05
What is -710bbc (base 13) in base 7?
-31231356
Convert 1030163 (base 9) to base 13.
163bba
Convert 354304320 (base 6) to base 12.
22880a0
-a9382 (base 11) to base 15
-320e7
What is -33134041 (base 5) in base 16?
-46033
-302432410 (base 5) to base 16
-12953f
Convert 1227a (base 16) to base 3.
10210000011
What is -14450223 (base 8) in base 14?
-61b987
Convert 496a19a (base 11) to base 13.
1a35406
Convert -2a285 (base 12) to base 15.
-127cb
Convert 1c4755 (base 14) to base 8.
3667047
110340241 (base 6) to base 16
1e5641
-55443653 (base 7) to base 16
-490019
Convert -6896d1 (base 14) to base 4.
-31211032013
-1403333523 (base 6) to base 16
-102da5b
-320030101303 (base 4) to base 6
-1243420031
Convert -266657 (base 11) to base 7.
-3362523
What is -580159 (base 11) in base 9?
-1655465
785911 (base 16) to base 4
132011210101
110102122112 (base 3) to base 15
4c778
What is -5863a3 (base 11) in base 2?
-11100011010000011101
Convert -115005 (base 10) to base 3.
-12211202110
100113223 (base 4) to base 9
111871
-584ff8 (base 16) to base 3
-101220001011001
Convert -10010111110000111101100 (base 2) to base 12.
-17b9ab8
3300310 (base 5) to base 2
1101110000001010
Convert 999730 (base 11) to base 6.
54100011
Convert 5666c0 (base 14) to base 6.
142543104
Convert 120020113 (base 4) to base 11.
68294
Convert -116525 (base 12) to base 6.
-10003245
What is 114420222 (base 5) in base 10?
545062
What is 10001100100111110101 (base 2) in base 3?
1002021002221
Convert -41931 (base 10) to base 6.
-522043
What is -13202113020 (base 4) in base 15?
-29061c
What is -50143663 (base 8) in base 13?
-224c056
-492ab (base 13) to base 6
-2514400
What is 14632416 (base 7) in base 3?
2122021122220
What is -281485 (base 9) in base 15?
-35d2b
Convert -140346 (base 9) to base 14.
-2328a
Convert -1741088 (base 9) to base 15.
-142e42
Convert 661535 (base 9) to base 13.
10a933
What is 4851022 (base 9) in base 3?
11221201000202
Convert b162 (base 14) to base 12.
1576a
Convert 14010068 (base 9) to base 16.
69851c
What is 310323331330 (base 4) in base 3?
222010000211021
What is 6b78ad (base 15) in base 6?
302050201
-41076 (base 14) to base 3
-21221200202
Convert -1768cbb (base 15) to base 13.
-36b7c89
Convert -34934 (base 12) to base 14.
-1b968
Convert 6b1b63 (base 15) to base 12.
186a510
Convert 3202132 (base 4) to base 8.
34236
Convert 11110101110111 (base 2) to base 9.
23523
What is 21541332 (base 6) in base 14?
12d316
-2136894